[INFO] cloning repository https://github.com/Gaunsessa/roas
[INFO] running `Command { std: "git" "-c" "credential.helper=" "-c" "credential.helper=/workspace/cargo-home/bin/git-credential-null" "clone" "--bare" "https://github.com/Gaunsessa/roas" "/workspace/cache/git-repos/https%3A%2F%2Fgithub.com%2FGaunsessa%2Froas", kill_on_drop: false }`
[INFO] [stderr] Cloning into bare repository '/workspace/cache/git-repos/https%3A%2F%2Fgithub.com%2FGaunsessa%2Froas'...
[INFO] running `Command { std: "git" "rev-parse" "HEAD", kill_on_drop: false }`
[INFO] [stdout] 7ebe9d9bd0bdd34c5c4b19272544e8b1d2a2a36b
[INFO] checking Gaunsessa/roas against master#9610dfe5a9a731ced1ea4923ecbd0c57fe367898 for beta-170-4
[INFO] running `Command { std: "git" "clone" "/workspace/cache/git-repos/https%3A%2F%2Fgithub.com%2FGaunsessa%2Froas" "/workspace/builds/worker-4-tc1/source", kill_on_drop: false }`
[INFO] [stderr] Cloning into '/workspace/builds/worker-4-tc1/source'...
[INFO] [stderr] done.
[INFO] validating manifest of git repo https://github.com/Gaunsessa/roas on toolchain 9610dfe5a9a731ced1ea4923ecbd0c57fe367898
[INFO] running `Command { std: CARGO_HOME="/workspace/cargo-home" RUSTUP_HOME="/workspace/rustup-home" "/workspace/cargo-home/bin/cargo" "+9610dfe5a9a731ced1ea4923ecbd0c57fe367898" "metadata" "--manifest-path" "Cargo.toml" "--no-deps", kill_on_drop: false }`
[INFO] started tweaking git repo https://github.com/Gaunsessa/roas
[INFO] finished tweaking git repo https://github.com/Gaunsessa/roas
[INFO] tweaked toml for git repo https://github.com/Gaunsessa/roas written to /workspace/builds/worker-4-tc1/source/Cargo.toml
[INFO] crate git repo https://github.com/Gaunsessa/roas already has a lockfile, it will not be regenerated
[INFO] running `Command { std: CARGO_HOME="/workspace/cargo-home" RUSTUP_HOME="/workspace/rustup-home" "/workspace/cargo-home/bin/cargo" "+9610dfe5a9a731ced1ea4923ecbd0c57fe367898" "fetch" "--manifest-path" "Cargo.toml", kill_on_drop: false }`
[INFO] [stderr]     Updating crates.io index
[INFO] [stderr]     Blocking waiting for file lock on package cache
[INFO] [stderr]  Downloading crates ...
[INFO] [stderr]   Downloaded bindgen v0.35.0
[INFO] [stderr]   Downloaded enet-sys v0.2.2
[INFO] running `Command { std: "docker" "create" "-v" "/var/lib/crater-agent-workspace/builds/worker-4-tc1/target:/opt/rustwide/target:rw,Z" "-v" "/var/lib/crater-agent-workspace/builds/worker-4-tc1/source:/opt/rustwide/workdir:ro,Z" "-v" "/var/lib/crater-agent-workspace/cargo-home:/opt/rustwide/cargo-home:ro,Z" "-v" "/var/lib/crater-agent-workspace/rustup-home:/opt/rustwide/rustup-home:ro,Z" "-e" "SOURCE_DIR=/opt/rustwide/workdir" "-e" "CARGO_TARGET_DIR=/opt/rustwide/target" "-e" "CARGO_HOME=/opt/rustwide/cargo-home" "-e" "RUSTUP_HOME=/opt/rustwide/rustup-home" "-w" "/opt/rustwide/workdir" "-m" "1610612736" "--user" "0:0" "--network" "none" "ghcr.io/rust-lang/crates-build-env/linux@sha256:19e73879b68f455e41552ea35293514db52ea292d993f571636dbffedb77a1ee" "/opt/rustwide/cargo-home/bin/cargo" "+9610dfe5a9a731ced1ea4923ecbd0c57fe367898" "metadata" "--no-deps" "--format-version=1", kill_on_drop: false }`
[INFO] [stdout] d0db471108b5fc9045b1953ab7842fe8b666ed1391db1cb97936224229c6ea70
[INFO] running `Command { std: "docker" "start" "-a" "d0db471108b5fc9045b1953ab7842fe8b666ed1391db1cb97936224229c6ea70", kill_on_drop: false }`
[INFO] running `Command { std: "docker" "inspect" "d0db471108b5fc9045b1953ab7842fe8b666ed1391db1cb97936224229c6ea70", kill_on_drop: false }`
[INFO] running `Command { std: "docker" "rm" "-f" "d0db471108b5fc9045b1953ab7842fe8b666ed1391db1cb97936224229c6ea70", kill_on_drop: false }`
[INFO] [stdout] d0db471108b5fc9045b1953ab7842fe8b666ed1391db1cb97936224229c6ea70
[INFO] running `Command { std: "docker" "create" "-v" "/var/lib/crater-agent-workspace/builds/worker-4-tc1/target:/opt/rustwide/target:rw,Z" "-v" "/var/lib/crater-agent-workspace/builds/worker-4-tc1/source:/opt/rustwide/workdir:ro,Z" "-v" "/var/lib/crater-agent-workspace/cargo-home:/opt/rustwide/cargo-home:ro,Z" "-v" "/var/lib/crater-agent-workspace/rustup-home:/opt/rustwide/rustup-home:ro,Z" "-e" "SOURCE_DIR=/opt/rustwide/workdir" "-e" "CARGO_TARGET_DIR=/opt/rustwide/target" "-e" "CARGO_INCREMENTAL=0" "-e" "RUST_BACKTRACE=full" "-e" "RUSTFLAGS=--cap-lints=forbid" "-e" "RUSTDOCFLAGS=--cap-lints=forbid" "-e" "CARGO_HOME=/opt/rustwide/cargo-home" "-e" "RUSTUP_HOME=/opt/rustwide/rustup-home" "-w" "/opt/rustwide/workdir" "-m" "1610612736" "--user" "0:0" "--network" "none" "ghcr.io/rust-lang/crates-build-env/linux@sha256:19e73879b68f455e41552ea35293514db52ea292d993f571636dbffedb77a1ee" "/opt/rustwide/cargo-home/bin/cargo" "+9610dfe5a9a731ced1ea4923ecbd0c57fe367898" "check" "--frozen" "--all" "--all-targets" "--message-format=json", kill_on_drop: false }`
[INFO] [stdout] 344ae686b165b5da7d52c18fea79bb0ccb0d95df860620313f9897054a18a02d
[INFO] running `Command { std: "docker" "start" "-a" "344ae686b165b5da7d52c18fea79bb0ccb0d95df860620313f9897054a18a02d", kill_on_drop: false }`
[INFO] [stderr]    Compiling libc v0.2.71
[INFO] [stderr]    Compiling cc v1.0.55
[INFO] [stderr]    Compiling glob v0.2.11
[INFO] [stderr]    Compiling regex v0.2.11
[INFO] [stderr]    Compiling memchr v2.3.3
[INFO] [stderr]    Compiling bitflags v1.2.1
[INFO] [stderr]    Compiling log v0.4.8
[INFO] [stderr]    Compiling thread_local v1.0.1
[INFO] [stderr]    Compiling regex-syntax v0.6.18
[INFO] [stderr]    Compiling ucd-util v0.1.8
[INFO] [stderr]    Compiling aho-corasick v0.7.13
[INFO] [stderr]    Compiling aho-corasick v0.6.10
[INFO] [stderr]    Compiling clang-sys v0.22.0
[INFO] [stderr]    Compiling regex-syntax v0.5.6
[INFO] [stderr]    Compiling termcolor v1.1.0
[INFO] [stderr]    Compiling vec_map v0.8.2
[INFO] [stderr]    Compiling bindgen v0.35.0
[INFO] [stderr]    Compiling memchr v1.0.2
[INFO] [stderr]    Compiling libloading v0.5.2
[INFO] [stderr]    Compiling atty v0.2.14
[INFO] [stderr]    Compiling nom v3.2.1
[INFO] [stderr]    Compiling utf8-ranges v1.0.4
[INFO] [stderr]    Compiling clap v2.33.1
[INFO] [stderr]    Compiling which v1.0.5
[INFO] [stderr]    Compiling cmake v0.1.44
[INFO] [stderr]     Checking rle-decode-fast v1.0.1
[INFO] [stderr]     Checking libflate_lz77 v1.0.0
[INFO] [stderr]     Checking libflate v1.0.2
[INFO] [stderr]    Compiling cexpr v0.2.3
[INFO] [stderr]    Compiling regex v1.3.9
[INFO] [stderr]    Compiling env_logger v0.5.13
[INFO] [stderr]    Compiling enet-sys v0.2.2
[INFO] [stderr]     Checking roas v0.1.0 (/opt/rustwide/workdir)
[INFO] [stdout] error[E0557]: feature has been removed
[INFO] [stdout]  --> src/main.rs:2:12
[INFO] [stdout]   |
[INFO] [stdout] 2 | #![feature(const_generics)]
[INFO] [stdout]   |            ^^^^^^^^^^^^^^ feature has been removed
[INFO] [stdout]   |
[INFO] [stdout]   = note: removed in favor of `#![feature(adt_const_params)]` and `#![feature(generic_const_exprs)]`
[INFO] [stdout] 
[INFO] [stdout] 
[INFO] [stdout] error[E0557]: feature has been removed
[INFO] [stdout]  --> src/main.rs:3:12
[INFO] [stdout]   |
[INFO] [stdout] 3 | #![feature(box_syntax)]
[INFO] [stdout]   |            ^^^^^^^^^^ feature has been removed
[INFO] [stdout]   |
[INFO] [stdout]   = note: replaced with `#[rustc_box]`
[INFO] [stdout] 
[INFO] [stdout] 
[INFO] [stdout] error[E0557]: feature has been removed
[INFO] [stdout]  --> src/main.rs:2:12
[INFO] [stdout]   |
[INFO] [stdout] 2 | #![feature(const_generics)]
[INFO] [stdout]   |            ^^^^^^^^^^^^^^ feature has been removed
[INFO] [stdout]   |
[INFO] [stdout]   = note: removed in favor of `#![feature(adt_const_params)]` and `#![feature(generic_const_exprs)]`
[INFO] [stdout] 
[INFO] [stdout] 
[INFO] [stdout] error[E0557]: feature has been removed
[INFO] [stdout]  --> src/main.rs:3:12
[INFO] [stdout]   |
[INFO] [stdout] 3 | #![feature(box_syntax)]
[INFO] [stdout]   |            ^^^^^^^^^^ feature has been removed
[INFO] [stdout]   |
[INFO] [stdout]   = note: replaced with `#[rustc_box]`
[INFO] [stdout] 
[INFO] [stdout] 
[INFO] [stdout] error: aborting due to 2 previous errors
[INFO] [stdout] 
[INFO] [stdout] 
[INFO] [stderr] error: could not compile `roas` (bin "roas" test) due to 3 previous errors
[INFO] [stdout] For more information about this error, try `rustc --explain E0557`.
[INFO] [stdout] 
[INFO] [stderr] warning: build failed, waiting for other jobs to finish...
[INFO] [stdout] error: aborting due to 2 previous errors
[INFO] [stdout] 
[INFO] [stdout] 
[INFO] [stdout] For more information about this error, try `rustc --explain E0557`.
[INFO] [stdout] 
[INFO] [stderr] error: could not compile `roas` (bin "roas") due to 3 previous errors
[INFO] running `Command { std: "docker" "inspect" "344ae686b165b5da7d52c18fea79bb0ccb0d95df860620313f9897054a18a02d", kill_on_drop: false }`
[INFO] running `Command { std: "docker" "rm" "-f" "344ae686b165b5da7d52c18fea79bb0ccb0d95df860620313f9897054a18a02d", kill_on_drop: false }`
[INFO] [stdout] 344ae686b165b5da7d52c18fea79bb0ccb0d95df860620313f9897054a18a02d
